{"id":22404,"date":"2023-08-11T23:47:54","date_gmt":"2023-08-11T21:47:54","guid":{"rendered":"https:\/\/www.pisoengranada.es\/habitacion\/pythagore\/"},"modified":"2024-04-23T00:56:30","modified_gmt":"2024-04-22T22:56:30","slug":"pythagore","status":"publish","type":"property","link":"https:\/\/www.pisoengranada.es\/fr\/habitacion\/pythagore\/","title":{"rendered":"Pythagore"},"content":{"rendered":"<h2>Caract\u00e9ristiques de la chambre:<\/h2>\n<ul>\n<li><strong>Suite avec salle de bain priv\u00e9e.<\/strong><\/li>\n<li><strong>Une de nos meilleures chambres.<\/strong><\/li>\n<li><strong>Lit Queen Size<\/strong> de 135 cms.<\/li>\n<li>Comprend <strong>draps et couette<\/strong> pour l\u2019hiver<\/li>\n<li><strong>Chauffage central individuel priv\u00e9 <\/strong><strong>GRATUIT.<\/strong><\/li>\n<li><strong>Fen\u00eatre tr\u00e8s lumineuse.<\/strong><\/li>\n<li>Il dispose d\u2019un bureau, d\u2019une chaise d\u2019\u00e9tude ergonomique, d\u2019une flexographie, d\u2019une lampe <strong>,<\/strong> d\u2019un miroir et d\u2019un portant.<\/li>\n<li><strong>T\u00e9l\u00e9viseur priv\u00e9 32 pouces<\/strong> avec <strong>Smart TV et Netflix<\/strong><\/li>\n<li><b>Armoire de 2 corps<\/b>.<\/li>\n<li><strong>Chambre tr\u00e8s confortable et tr\u00e8s lumineuse<\/strong>.<\/li>\n<li><strong>A 1 pas du centre-ville.<\/strong><\/li>\n<\/ul>\n<h2>Caract\u00e9ristiques de l\u2019appartement:<\/h2>\n<ul>\n<li>Appartement avec <strong>5 chambres: 3 chambres<\/strong><strong> et 2 salles de bains (1 d\u2019entre elles en suite priv\u00e9e). <\/strong> <\/li>\n<li><strong>Uniquement disponible pour les \u00e9tudiants<\/strong>: <strong>3 personnes<\/strong> partagent la maison<\/li>\n<li><strong>Environnement de studio exclusif<\/strong><\/li>\n<li><strong>Enti\u00e8rement meubl\u00e9<\/strong><\/li>\n<li><strong>Nettoyeur, \u00e9lectricit\u00e9, eau, chauffage, Internet, frais communautaires et assurance locative inclus dans le prix<\/strong><\/li>\n<li><strong>Nettoyage hebdomadaire <\/strong>des espaces communs par un nettoyeur professionnel.<\/li>\n<li>Comprend <strong>une connexion WIFI haut d\u00e9bit<\/strong><\/li>\n<li>Appartement <strong>r\u00e9cemment r\u00e9nov\u00e9<\/strong>.<\/li>\n<li><strong>A 3 minutes de toutes les facult\u00e9s du centre.<\/strong><\/li>\n<li><strong>Il est tr\u00e8s proche de la Gran V\u00eda, o\u00f9 toutes les lignes de bus sont<\/strong><\/li>\n<li>Buanderie s\u00e9par\u00e9e <strong>avec machines \u00e0 laver et s\u00e8che-linge.<\/strong><\/li>\n<li><strong>Parking \u00e0 v\u00e9los<\/strong>.<\/li>\n<li><strong>Cuisine avec tous les appareils<\/strong> : plaque vitroc\u00e9ramique, hotte, four, micro-ondes et r\u00e9frig\u00e9rateur.<\/li>\n<li><strong>Comprend tout l\u2019\u00e9quipement<\/strong> de cuisine: vaisselle, couverts, casseroles, po\u00eales, ustensiles et ustensiles de cuisine, grille-pain, cafeti\u00e8re, machine \u00e0 sandwich et bien plus encore.<\/li>\n<li>Salon int\u00e9gr\u00e9 dans la cuisine avec <strong>1 table pliante et 3 chaises<\/strong>.<\/li>\n<li>C\u2019est un appartement au deuxi\u00e8me \u00e9tage dans une rue pi\u00e9tonne. Vous ne percevrez pas un seul bruit.<\/li>\n<li>Vue sur la cath\u00e9drale.<\/li>\n<li>Ambiance tr\u00e8s d\u00e9tendue et calme.  <strong>Absence de bruit et de f\u00eates.<\/strong><\/li>\n<li><strong>Contrat officiel<\/strong>.<\/li>\n<li><strong>Vous payez 11 mois et restez 12<\/strong>. En ao\u00fbt, vous pouvez utiliser votre chambre sans frais suppl\u00e9mentaires.<\/li>\n<\/ul>\n","protected":false},"excerpt":{"rendered":"<p>Suite de luxe \u00e0 Grenade pour les \u00e9tudiants. Il comprend l\u2019\u00e9lectricit\u00e9, l\u2019eau, Internet, le chauffage et le nettoyage hebdomadaire des espaces communs.<\/p>\n","protected":false},"author":1,"featured_media":23388,"parent":0,"menu_order":0,"template":"","property_type":[220],"property_status":[],"property_feature":[186,183,196,201,191,198,194,184,211,222,195,188,189,190],"property_label":[203,205,167],"property_area":[221,213],"class_list":["post-22404","property","type-property","status-publish","has-post-thumbnail","hentry","property_type-trabuco-segundo","property_feature-chauffage-individuel","property_feature-femme-de-menage","property_feature-fenetre-exterieure","property_feature-four-2","property_feature-internet-fr","property_feature-lit-king-size-135-cms","property_feature-lutin-fr","property_feature-machine-a-laver","property_feature-parking-a-velos","property_feature-salle-de-bains-privee","property_feature-seche-cheveux","property_feature-serrure-privee-2","property_feature-television-privee","property_feature-wifi-haut-debit","property_label-disponible-2024-fr","property_label-disponible-2025-fr","property_label-disponible-2026","property_area-centre","property_area-fuentenueva"],"property_meta":{"fave_featured":["0"],"houzez_featured_listing_date":[""],"fave_single_top_area":["global"],"fave_single_content_area":["global"],"_wpml_media_duplicate":["1"],"_wpml_media_featured":["1"],"_top_nav_excluded":[""],"_cms_nav_minihome":[""],"_wp_page_template":["default"],"houzez_geolocation_lat":["37.1788755"],"houzez_geolocation_long":["-3.6006384"],"_last_translation_edit_mode":["translation-editor"],"houzez_total_property_views":["337"],"houzez_views_by_date":["a:61:{s:10:\"09-19-2025\";i:3;s:10:\"09-21-2025\";i:1;s:10:\"09-26-2025\";i:1;s:10:\"09-27-2025\";i:1;s:10:\"09-28-2025\";i:1;s:10:\"09-29-2025\";i:1;s:10:\"10-04-2025\";i:1;s:10:\"10-11-2025\";i:1;s:10:\"10-13-2025\";i:1;s:10:\"10-19-2025\";i:1;s:10:\"10-23-2025\";i:1;s:10:\"10-27-2025\";i:1;s:10:\"10-28-2025\";i:1;s:10:\"11-04-2025\";i:1;s:10:\"11-05-2025\";i:1;s:10:\"11-09-2025\";i:1;s:10:\"11-16-2025\";i:2;s:10:\"11-18-2025\";i:1;s:10:\"11-25-2025\";i:1;s:10:\"11-26-2025\";i:1;s:10:\"11-30-2025\";i:1;s:10:\"12-03-2025\";i:2;s:10:\"12-12-2025\";i:2;s:10:\"12-15-2025\";i:1;s:10:\"12-20-2025\";i:2;s:10:\"12-27-2025\";i:2;s:10:\"01-04-2026\";i:1;s:10:\"01-05-2026\";i:1;s:10:\"01-11-2026\";i:1;s:10:\"01-18-2026\";i:1;s:10:\"01-19-2026\";i:1;s:10:\"01-28-2026\";i:1;s:10:\"01-31-2026\";i:1;s:10:\"02-05-2026\";i:1;s:10:\"02-06-2026\";i:1;s:10:\"02-07-2026\";i:1;s:10:\"02-13-2026\";i:1;s:10:\"02-14-2026\";i:1;s:10:\"02-17-2026\";i:1;s:10:\"02-21-2026\";i:1;s:10:\"02-22-2026\";i:1;s:10:\"02-28-2026\";i:1;s:10:\"03-03-2026\";i:1;s:10:\"03-08-2026\";i:1;s:10:\"03-12-2026\";i:1;s:10:\"03-13-2026\";i:1;s:10:\"03-14-2026\";i:1;s:10:\"03-15-2026\";i:1;s:10:\"03-19-2026\";i:1;s:10:\"03-22-2026\";i:1;s:10:\"03-23-2026\";i:1;s:10:\"03-24-2026\";i:1;s:10:\"03-26-2026\";i:1;s:10:\"03-31-2026\";i:1;s:10:\"04-01-2026\";i:1;s:10:\"04-07-2026\";i:1;s:10:\"04-10-2026\";i:2;s:10:\"04-17-2026\";i:1;s:10:\"04-21-2026\";i:1;s:10:\"04-26-2026\";i:1;s:10:\"04-28-2026\";i:1;}"],"houzez_recently_viewed":["2026-04-28 08:31:33"],"_thumbnail_id":["23388"],"fave_property_images":["23379","23382","23385","23388","23394","23397","23400","23403","23406","23409","23412","23256","23253"],"fave_property_price":["530"],"fave_property_price_postfix":["Mois"],"fave_property_size":["11,5"],"fave_property_size_prefix":["m2"],"fave_property_land":["55"],"fave_property_land_postfix":["m2"],"fave_property_bedrooms":["3"],"fave_property_bathrooms":["2"],"fave_property_garage":["deuxi\u00e8me"],"fave_property_year":["2021"],"fave_property_id":["Pythagore"],"fave_property_map":["1"],"fave_property_map_address":["Calle Trabuco, Grenade, Espagne"],"fave_property_location":["37.1788755,-3.6006384,15"],"fave_property_map_street_view":["cacher"],"fave_property_address":["Tromblon"],"fave_property_zip":["18001"],"fave_video_url":["https:\/\/www.youtube.com\/watch?v=D52DBIUb9Wo"],"fave_agent_display_option":["agent_info"],"fave_agents":["2794"],"fave_virtual_tour":["<iframe width=\"853\" height=\"480\" src=\"https:\/\/my.matterport.com\/show\/?m=zEWsxhZpGba&play=1&qs=1\" frameborder=\"0\" allowfullscreen=\"allowfullscreen\"><\/iframe>"],"fave_prop_homeslider":["Oui"],"fave_booking_shortcode":["[product_page sku=\"pitagoras\"]"],"floor_plans":["a:1:{i:0;a:6:{s:15:\"fave_plan_title\";s:4:\"Plat\";s:15:\"fave_plan_rooms\";s:1:\"3\";s:19:\"fave_plan_bathrooms\";s:1:\"2\";s:14:\"fave_plan_size\";s:2:\"55\";s:15:\"fave_plan_image\";s:74:\"https:\/\/www.pisoengranada.es\/wp-content\/uploads\/piso-trabuco-2-medidas.jpg\";s:21:\"fave_plan_description\";s:15:\"Plan d\u2019\u00e9tage\";}}"],"fave_curso-24":["Disponible"],"fave_curso-25":["Disponible"],"fave_facultad":["Sciences politiques et sociologie","Conservatoire de musique","Math\u00e9matiques","Chimie","G\u00e9ologie","Physique","Sciences de l\u2019environnement","Statistiques","Biologie","Ing\u00e9nierie du b\u00e2timent","Traduction et interpr\u00e9tation","G\u00e9nie civil","Science","Travail social","Sciences du travail","M\u00e9dicament","Sciences de la sant\u00e9","Dentisterie","Relations de travail et ressources humaines","Communication et documentation","Loi","Architecture"]},"_links":{"self":[{"href":"https:\/\/www.pisoengranada.es\/fr\/wp-json\/wp\/v2\/properties\/22404","targetHints":{"allow":["GET"]}}],"collection":[{"href":"https:\/\/www.pisoengranada.es\/fr\/wp-json\/wp\/v2\/properties"}],"about":[{"href":"https:\/\/www.pisoengranada.es\/fr\/wp-json\/wp\/v2\/types\/property"}],"author":[{"embeddable":true,"href":"https:\/\/www.pisoengranada.es\/fr\/wp-json\/wp\/v2\/users\/1"}],"version-history":[{"count":0,"href":"https:\/\/www.pisoengranada.es\/fr\/wp-json\/wp\/v2\/properties\/22404\/revisions"}],"wp:featuredmedia":[{"embeddable":true,"href":"https:\/\/www.pisoengranada.es\/fr\/wp-json\/wp\/v2\/media\/23388"}],"wp:attachment":[{"href":"https:\/\/www.pisoengranada.es\/fr\/wp-json\/wp\/v2\/media?parent=22404"}],"wp:term":[{"taxonomy":"property_type","embeddable":true,"href":"https:\/\/www.pisoengranada.es\/fr\/wp-json\/wp\/v2\/property_type?post=22404"},{"taxonomy":"property_status","embeddable":true,"href":"https:\/\/www.pisoengranada.es\/fr\/wp-json\/wp\/v2\/property_status?post=22404"},{"taxonomy":"property_feature","embeddable":true,"href":"https:\/\/www.pisoengranada.es\/fr\/wp-json\/wp\/v2\/property_feature?post=22404"},{"taxonomy":"property_label","embeddable":true,"href":"https:\/\/www.pisoengranada.es\/fr\/wp-json\/wp\/v2\/property_label?post=22404"},{"taxonomy":"property_area","embeddable":true,"href":"https:\/\/www.pisoengranada.es\/fr\/wp-json\/wp\/v2\/property_area?post=22404"}],"curies":[{"name":"wp","href":"https:\/\/api.w.org\/{rel}","templated":true}]}}

<h2>Caractéristiques de la chambre:</h2>
<ul>
<li><strong>Suite avec salle de bain privée.</strong></li>
<li><strong>Une de nos meilleures chambres.</strong></li>
<li><strong>Lit Queen Size</strong> de 135 cms.</li>
<li>Comprend <strong>draps et couette</strong> pour l’hiver</li>
<li><strong>Chauffage central individuel privé </strong><strong>GRATUIT.</strong></li>
<li><strong>Fenêtre très lumineuse.</strong></li>
<li>Il dispose d’un bureau, d’une chaise d’étude ergonomique, d’une flexographie, d’une lampe <strong>,</strong> d’un miroir et d’un portant.</li>
<li><strong>Téléviseur privé 32 pouces</strong> avec <strong>Smart TV et Netflix</strong></li>
<li><b>Armoire de 2 corps</b>.</li>
<li><strong>Chambre très confortable et très lumineuse</strong>.</li>
<li><strong>A 1 pas du centre-ville.</strong></li>
</ul>
<h2>Caractéristiques de l’appartement:</h2>
<ul>
<li>Appartement avec <strong>5 chambres: 3 chambres</strong><strong> et 2 salles de bains (1 d’entre elles en suite privée). </strong> </li>
<li><strong>Uniquement disponible pour les étudiants</strong>: <strong>3 personnes</strong> partagent la maison</li>
<li><strong>Environnement de studio exclusif</strong></li>
<li><strong>Entièrement meublé</strong></li>
<li><strong>Nettoyeur, électricité, eau, chauffage, Internet, frais communautaires et assurance locative inclus dans le prix</strong></li>
<li><strong>Nettoyage hebdomadaire </strong>des espaces communs par un nettoyeur professionnel.</li>
<li>Comprend <strong>une connexion WIFI haut débit</strong></li>
<li>Appartement <strong>récemment rénové</strong>.</li>
<li><strong>A 3 minutes de toutes les facultés du centre.</strong></li>
<li><strong>Il est très proche de la Gran Vía, où toutes les lignes de bus sont</strong></li>
<li>Buanderie séparée <strong>avec machines à laver et sèche-linge.</strong></li>
<li><strong>Parking à vélos</strong>.</li>
<li><strong>Cuisine avec tous les appareils</strong> : plaque vitrocéramique, hotte, four, micro-ondes et réfrigérateur.</li>
<li><strong>Comprend tout l’équipement</strong> de cuisine: vaisselle, couverts, casseroles, poêles, ustensiles et ustensiles de cuisine, grille-pain, cafetière, machine à sandwich et bien plus encore.</li>
<li>Salon intégré dans la cuisine avec <strong>1 table pliante et 3 chaises</strong>.</li>
<li>C’est un appartement au deuxième étage dans une rue piétonne. Vous ne percevrez pas un seul bruit.</li>
<li>Vue sur la cathédrale.</li>
<li>Ambiance très détendue et calme.  <strong>Absence de bruit et de fêtes.</strong></li>
<li><strong>Contrat officiel</strong>.</li>
<li><strong>Vous payez 11 mois et restez 12</strong>. En août, vous pouvez utiliser votre chambre sans frais supplémentaires.</li>
</ul>

<p>Suite de luxe à Grenade pour les étudiants. Il comprend l’électricité, l’eau, Internet, le chauffage et le nettoyage hebdomadaire des espaces communs.</p>

deuxième

a:1:{i:0;a:6:{s:15:"fave_plan_title";s:4:"Plat";s:15:"fave_plan_rooms";s:1:"3";s:19:"fave_plan_bathrooms";s:1:"2";s:14:"fave_plan_size";s:2:"55";s:15:"fave_plan_image";s:74:"https://www.pisoengranada.es/wp-content/uploads/piso-trabuco-2-medidas.jpg";s:21:"fave_plan_description";s:15:"Plan d’étage";}}

Mathématiques

Géologie

Ingénierie du bâtiment

Traduction et interprétation

Génie civil

Médicament

Sciences de la santé
